 is 96 + -3?
93
In base 13, what is -4 - 64a?
-651
In base 7, what is -604 - -3?
-601
In base 7, what is 1 + 3635?
3636
In base 3, what is 10 - -102001?
102011
In base 11, what is -4 - a2a?
-a33
In base 13, what is 72 - -26?
98
In base 11, what is 10 - -156?
166
In base 13, what is -4 + 2bc?
2b8
In base 14, what is 3c7 - 6?
3c1
In base 13, what is -2b - -b?
-20
In base 2, what is 10 + 1100?
1110
In base 14, what is 5 + 38?
3d
In base 16, what is 5 + -b?
-6
In base 7, what is -162362 - 1?
-162363
In base 13, what is -10 - 3?
-13
In base 8, what is -11 + -7?
-20
In base 4, what is 1031 - -12?
1103
In base 4, what is 11 + 1100?
1111
In base 13, what is -7 - 81?
-88
In base 3, what is -2 + -1122?
-1201
In base 8, what is 4 - -10?
14
In base 7, what is -2 + -43?
-45
In base 7, what is -43 - -2060?
2014
In base 14, what is -15 - 16?
-2b
In base 16, what is 21d - 1?
21c
In base 16, what is -4 + -2f9?
-2fd
In base 5, what is -32 + -1403?
-1440
In base 6, what is 412 - 0?
412
In base 14, what is 91 + -2?
8d
In base 12, what is 2 - 5?
-3
In base 2, what is -110111 + 1011001100?
1010010101
In base 14, what is 5 + -136?
-131
In base 6, what is -34123 + -14?
-34141
In base 6, what is 302 - -42?
344
In base 12, what is 77 - -1?
78
In base 15, what is -20a9 + 2?
-20a7
In base 6, what is -30 - 212?
-242
In base 2, what is 110010111 + 0?
110010111
In base 5, what is 13 + -102?
-34
In base 7, what is 10551 - 11?
10540
In base 7, what is -40 + 143?
103
In base 2, what is -11010111111 + -100?
-11011000011
In base 7, what is -235 - 20?
-255
In base 16, what is 19 - 285?
-26c
In base 9, what is 101 - 3?
87
In base 13, what is 247 + 10?
257
In base 7, what is 52 + -14?
35
In base 13, what is 1218 + 4?
121c
In base 12, what is 15 + a8?
101
In base 4, what is -11 - 33323?
-100000
In base 2, what is -11001 - 101?
-11110
In base 4, what is -22102 - -11?
-22031
In base 14, what is 2457 - 0?
2457
In base 16, what is 159 - 3?
156
In base 6, what is -254 + -3?
-301
In base 3, what is -20110 + 2?
-20101
In base 3, what is -11 + 12021122?
12021111
In base 6, what is 15 - 30?
-11
In base 11, what is -7 + -1411?
-1418
In base 2, what is 100 - -111010111?
111011011
In base 5, what is 341 - -3?
344
In base 5, what is 324132 + 1?
324133
In base 4, what is 101132 + 10?
101202
In base 10, what is -8 - 16?
-24
In base 11, what is 400 - -7?
407
In base 11, what is -1 + 293?
292
In base 13, what is 225 + b?
233
In base 2, what is -10 + 1100?
1010
In base 5, what is 0 + -1224?
-1224
In base 13, what is 75 - 4?
71
In base 6, what is 2 - 13043?
-13041
In base 10, what is -4 - 3?
-7
In base 11, what is 12 - 7?
6
In base 8, what is -1 + 3?
2
In base 7, what is 2 + 2411?
2413
In base 15, what is 26 + 4?
2a
In base 7, what is 4 + 632?
636
In base 9, what is -266 + 18?
-247
In base 12, what is 1449 - 3?
1446
In base 10, what is 2 - 16?
-14
In base 5, what is 441133 + 3?
441141
In base 11, what is 9 + 1365?
1373
In base 5, what is -4 + -10034?
-10043
In base 5, what is 144 + 1?
200
In base 11, what is -2 - 171?
-173
In base 2, what is 101111101010 + -1?
101111101001
In base 14, what is 1 + 22c?
22d
In base 16, what is -377 - -12?
-365
In base 15, what is -ba8 - -1?
-ba7
In base 13, what is -4 + 5a?
56
In base 11, what is 1 + 218?
219
In base 8, what is -5513 + -2?
-5515
In base 10, what is -1 + 78?
77
In base 4, what is -11122 - 102?
-11230
In base 14, what is 2 - -10d?
111
In base 14, what is -20 + 3?
-1b
In base 2, what is 1011 - 1101101?
-1100010
In base 13, what is -677 + 2?
-675
In base 13, what is 62 - -3?
65
In base 9, what is -530 + -27?
-557
In base 12, what is -2 + -25?
-27
In base 3, what is 1002 + 2?
1011
In base 6, what is 5 + 2354?
2403
In base 4, what is -1222 + 202?
-1020
In base 2, what is -10 + -100011?
-100101
In base 16, what is -1 - -16?
15
In base 6, what is 2 + -315?
-313
In base 11, what is -19aa - -3?
-19a7
In base 10, what is 793 + -21?
772
In base 6, what is 0 - 21?
-21
In base 5, what is 42231 - 11?
42220
In base 10, what is 0 - 27?
-27
In base 16, what is -63 + -2?
-65
In base 3, what is -2 - -1211?
1202
In base 16, what is -1 - -35?
34
In base 16, what is 79f - 1?
79e
In base 15, what is 92 - -c1?
163
In base 9, what is 1071 - 0?
1071
In base 4, what is -133 + 13?
-120
In base 16, what is -363 + 2?
-361
In base 6, what is -4 + -122?
-130
In base 4, what is -20333 + 1?
-20332
In base 15, what is -57 + -2?
-59
In base 13, what is 6c + -5?
67
In base 5, what is 1000 + 10?
1010
In base 8, what is -27 - 74?
-123
In base 8, what is -140 - -6?
-132
In base 11, what is -186 - -2?
-184
In base 9, what is 58 + 64?
133
In base 12, what is -3 + 582?
57b
In base 11, what is a33 + -5?
a29
In base 3, what is 11112001 - 1?
11112000
In base 7, what is -3156 + 2?
-3154
In base 12, what is -7 + -22?
-29
In base 2, what is -10001011 + -1101?
-10011000
In base 3, what is -12 - -1220?
1201
In base 7, what is 5 + 6360?
6365
In base 4, what is -123 + -3?
-132
In base 10, what is -1831 - -1?
-1830
In base 2, what is 100 + -1010100?
-1010000
In base 10, what is -2155 - 1?
-2156
In base 4, what is 323232 + -1?
323231
In base 5, what is -200 + 11?
-134
In base 7, what is -10 + -1266?
-1306
In base 14, what is -2 - 6c?
-70
In base 9, what is -3 - 1000?
-1003
In base 2, what is -10 - -10000010?
10000000
In base 14, what is -51 - 33?
-84
In base 9, what is 3 + 7?
11
In base 15, what is -375 + 4?
-371
In base 14, what is d2 + 12?
104
In base 3, what is -101 - 2020?
-2121
In base 5, what is 10 - -12311?
12321
In base 13, what is a82 + 3?
a85
In base 10, what is 28 + 14?
42
In base 11, what is 42a3 + -2?
42a1
In base 11, what is -35 - -124?
9a
In base 5, what is 211042 - -10?
211102
In base 13, what is 3 + 10a1?
10a4
In base 16, what is 2 - -16?
18
In base 7, what is 352 - -11?
363
In base 15, what is -4 - -2a?
26
In base 2, what is 101011 - 0?
101011
In base 16, what is 382 - -2?
384
In base 14, what is -1 - 380?
-381
In base 10, what is 0 + 558?
558
In base 6, what is -234 + -55?
-333
In base 15, what is -6 + d?
7
In base 8, what is -244 + 3?
-241
In base 2, what is -100100010 - 100?
-100100110
In base 15, what is -1c - -1d?
1
In base 3, what is 12020 - -12?
12102
In base 14, what is -3 + -307?
-30a
In base 5, what is -11 + 21?
10
In base 10, what is -1 + 1274?
1273
In base 5, what is -310 - 341?
-1201
In base 14, what is 2 - a?
-8
In base 9, what is 0 - -245?
245
In base 12, what is 4 - -6a?
72
In base 6, what is 12 - -52?
104
In base 14, what is -2 + 16c?
16a
In base 13, what is 111 + 14?
125
In base 9, what is -2310 + -11?
-2321
In base 9, what is 1 - -36?
37
In base 16, what is -3 + 7ac?
7a9
In base 5, what is -423142 - 1?
-423143
In base 4, what is -11 - 12?
-23
In base 16, what is -5ede - 5?
-5ee3
In base 16, what is -cf + -2?
-d1
In base 11, what is 119 + 17?
135
In base 9, what is -5 - -716?
711
In base 14, what is 2 + -ccb?
-cc9
In base 11, what is 0 + 963?
963
In base 2, what is -1101 + -101?
-10010
In base 15, what is 7 - 3d?
-36
In base 2, what is -11 + 10110101?
10110010
In base 11, what is 0 - 3a3?
-3a3
In base 5, what is -3414 + 4?
-3410
In base 9, what is -17222 + 0?
-17222
In base 5, what is 3233 - 3?
3230
In base 8, what is -3 + 156?
153
In base 13, what is 2 - 884?
-882
In base 11, what is 32 + 17a?
201
In base 4, what is 10 - -33320?
33330
In base 11, what is -6 + 3?
-3
In base 2, what is -1000 - -10010?
1010
In base 2, what is -10 - -1010?
1000
In base 3, what is -120112 + 0?
-120112
In base 10, what is -3494 - 5?
-3499
In base 13, what is -20 - -6?
-17
In base 9, what is -183 + -178?
-372
In base 15, what is -b7 - -75?
-42
In base 14, what is 25 + -90?
-69
In base 16, what is -8 + 433?
42b
In base 12, what is 5 - -499?
4a2
In base 14, what is -30 + 12?
-1c
In base 4, what is 201 + -30?
111
In base 6, what is -4 - -53?
45
In base 4, what is 102 - 32?
10
In base 10, what is 8 - 97?
-89
In base 16, what is -e85 - -4?
-e81
In base 16, what is -4 + -2c?
-30
In base 11, what is -22 - -30?
9
In base 15, what is -31 - 5?
-36
In base 10, what is 135 + -2?
133
In base 14, what is -1 + -a5?
-a6
In base 14, what is 16 - -3?
19
In base 11, what is 34 + -aa?
-76
In base 14, what is -4 - 68?
-6c
In base 2, what is -11001100 + -100?
-11010000
In base 6, what is 15 + 4?
23
In base 11, w